the prime factors of a(q).
5
Suppose g - 5*i - 16 = -2, 2*g - 28 = -5*i. List the prime factors of 4/(-14) + 214/g.
3, 5
Suppose 3*c - 5*c + 14 = -v, 0 = -3*c + 5*v + 28. Let f be (7 - 2)*c/10. Suppose -2 = -2*t + 7*g - f*g, -4*g - 12 = -4*t. List the prime factors of t.
5
Let a(q) = -20*q - 6. List the prime factors of a(-16).
2, 157
Let g(s) = -4*s + 2. Let h be g(-4). What are the prime factors of h + (-1)/(2 + -3)?
19
Suppose 4*d - 42 = -5*w, -d + 4*d + 5*w - 34 = 0. List the prime factors of d.
2
Suppose 5 = w - 2*a, 5*w = 5*a - 12 + 32. Suppose s = w*v - 44, -4*v = -2*v - 2*s - 24. What are the prime factors of v?
2
Let j(a) be the first derivative of a**3/3 - a**2 + 3*a - 1. Let w be j(6). Suppose -t - q = 3*t - 35, 3*t - w = -q. List the prime factors of t.
2
Let i = 328 + -216. List the prime factors of i.
2, 7
Suppose 0 = r - 0*r. Let d = r + -4. What are the prime factors of -2*1/(d/14)?
7
Let k = -111 + 30. What are the prime factors of k/(-12) - 3/(-12)?
7
Let z = 442 + -271. List the prime factors of z.
3, 19
What are the prime factors of (-48)/(-10)*(-15)/(-3)?
2, 3
Suppose -3*r - 8 + 2 = 0, -5*w + 2*r = -514. What are the prime factors of w?
2, 3, 17
Let y = -8 - -43. Suppose -28 = -7*f + 168. Suppose 4*b - 4*v = f, -3*b + 3*v = 2*b - y. What are the prime factors of b?
7
List the prime factors of 8/28 - 1573/(-7).
3, 5
Let x(q) = -q. Let n(m) = 6*m - 2. Let h(g) = -n(g) - 5*x(g). Let a be (-3 - -7)*(-10)/8. List the prime factors of h(a).
7
Suppose -2*h + 2*i + 224 = 7*i, 0 = -5*h - 2*i + 518. List the prime factors of 14/(-35) - h/(-5).
2, 5
Let d be ((-132)/8 + -2)*-2. Suppose -3*k + 4*m + d = -2*k, 159 = 4*k - 5*m. What are the prime factors of k?
41
Suppose 0*s = -3*s. Suppose 26 = -s*t + 2*t. List the prime factors of t.
13
Suppose -r + 440 = 2*b - 139, -873 = -3*b - 3*r. List the prime factors of b.
2, 3
Let p = -1 - -4. Let u(o) = -o**2 - 5*o - 2. Let l(w) = 2*w**2 + 5*w + 2. Let y(h) = p*u(h) + 2*l(h). List the prime factors of y(6).
2
Let r(y) = y + 1. Let s be r(1). What are the prime factors of (23/2)/(1/s)?
23
Let c be 6 - (3 - (-2)/(-1)). Suppose -4*n - 11 = -c*p, -5*n + 3*p + 11 = 5*p. Let f(b) = 13*b**2 + b. List the prime factors of f(n).
2, 7
Suppose -3 = -3*w + 3*b, -2*w - 3 = -2*b + 5*b. Suppose -36 = -w*d - 3*d. List the prime factors of d.
2, 3
Suppose -11 + 1 = -l. List the prime factors of l.
2, 5
Let u(a) = 2 + a**3 - 2*a**2 + 5*a**2 + 1. List the prime factors of u(-3).
3
Let k = -52 + 93. What are the prime factors of k?
41
Suppose -4*a + 32 = -5*y, -6*a = -2*a + 3*y - 64. Suppose 0 = 3*x - 56 - a. Let s = -10 + x. What are the prime factors of s?
13
Suppose 4*k + 137 = 3*u, 4*k + 142 = 3*u + 5*k. What are the prime factors of u?
47
Let a(j) = j**3 + j**2 + j - 44. Let w be a(0). List the prime factors of (w/(-10))/(2/10).
2, 11
Let j(g) = 3*g**2 + 19. List the prime factors of j(7).
2, 83
What are the prime factors of 4/12 + 640/15?
43
Let n = 7 - -12. List the prime factors of n.
19
Let j = -5 + 17. Let p be 1/4 + 405/j. List the prime factors of p/6 + 2/(-3).
5
Suppose -3*g + 20 = 2*g, -5*s - 3*g = -22. Suppose 9 = s*i + 3*j, 4*i + 3 = -0*j + j. Suppose i + 2 = t. What are the prime factors of t?
2
Let u = 3 - 8. Let s = u - -4. List the prime factors of 15 + 2*s + 0.
13
Suppose 0*c + 2*c = 4*g - 14, 2*c + 5 = -5*g. Let i = 14 + c. What are the prime factors of (i/(-2))/(3/(-6))?
3
Suppose -5*u + 10*u - 245 = 0. List the prime factors of u.
7
Let m(r) = 2*r**2 + 18*r - 5. Let i be m(-13). Suppose -3*s = f - i - 23, 0 = s + 2*f - 44. What are the prime factors of s?
2, 5
Let g(d) = -12*d**3 - 2*d**2 + 5*d + 24. What are the prime factors of g(-3)?
3, 5, 7
Suppose w - 19 = -66. Let i = 79 + w. What are the prime factors of i?
2
Let o(c) = 142*c**2 - 2*c - 1. What are the prime factors of o(-1)?
11, 13
Suppose w - 191 + 21 = -5*n, 0 = 5*n - w - 160. Let s = n - 19. What are the prime factors of s?
2, 7
Let b = 20 + -13. Suppose b*l - 6*l = 18. List the prime factors of l.
2, 3
Let i = 160 - 66. List the prime factors of i.
2, 47
Let n(p) = 7*p**2 + 6*p - 7. List the prime factors of n(3).
2, 37
Let c = 2 - 0. Suppose 0 = 5*h - 5*d - 35, h + c - 12 = -2*d. What are the prime factors of h?
2
Let d(c) = 4*c**2 - 2*c**2 - 2*c - 10 + 12*c - c. What are the prime factors of d(-7)?
5
Let n = 28 - 14. Let q(y) = y**3 + 6*y**2 + 3*y - 7. Let c be q(-5). Suppose -3*m - 6 = 0, 3*m + m + n = c*t. List the prime factors of t.
2
Let s be (36 - (5 + -2))*-1. Let h = -7 - s. What are the prime factors of h?
2, 13
What are the prime factors of 1 + 8/6*(-1017)/(-12)?
2, 3, 19
Suppose s - 5 = -3. Suppose 0 = 4*p - w - s - 16, -4*p - 5*w = -6. Suppose 0 = -0*m - p*m + 8. List the prime factors of m.
2
Suppose 3*v = -v + 68. Let x = v + -15. What are the prime factors of x?
2
List the prime factors of (-32)/(-2 - -4 - 4).
2
List the prime factors of -1*(-7)/1*20.
2, 5, 7
Let g be 3/(-9)*(-87)/1. Let n = g + 5. Suppose -5*l + 2*c = 4*c - n, 3*l - 30 = 2*c. List the prime factors of l.
2
Let v = 13 + -23. What are the prime factors of (-75)/v + (-1)/2?
7
Suppose -2*u = y - 11, -3*u + y - 2 = -2*u. Let o = -2 + u. What are the prime factors of -3*o*(-10 + 8)?
2, 3
Let p be (3/(-3))/((-1)/(-1)). List the prime factors of p/(-2) + (-10)/(-4).
3
Let y(d) = -d**2 + 11*d + 3. What are the prime factors of y(9)?
3, 7
Suppose 11 - 3 = 4*w. Suppose -p - d = -w, -6*p + 10 = -p - 4*d. Suppose -3*m = 2*r - 26, -4*m = -p*r - 1 - 15. List the prime factors of m.
2, 3
Suppose -2*l + 78 = 3*x + l, 5*x = 2*l + 116. Suppose -g + 5*g = x. What are the prime factors of g?
2, 3
Suppose 0*g = -2*u + 3*g + 143, -5*u - 5*g + 395 = 0. What are the prime factors of u?
2, 19
Let r be 1 + -1 - (2 + -2). Let n be (-1 + -1)/((-2)/(-3)). Let g = r - n. What are the prime factors of g?
3
Let x(q) = -q**3 + 8*q**2 + 8. List the prime factors of x(6).
2, 5
Suppose 3*j + 274 = y, 0*j + 3*j + 798 = 3*y. List the prime factors of y.
2, 131
Let m(w) = -w**2 - 8*w + 2. Let o be m(-8). Suppose 0 = o*n - 5*n + 27. What are the prime factors of n?
3
Suppose -4 + 6 = y. Let n = 7 - 5. Suppose d - 27 = -4*f, y*d + n = 3*f + 1. What are the prime factors of d?
7
Suppose -t - 154 = -5*j, 0 = -2*j + 2*t + 45 + 23. List the prime factors of j.
2, 3, 5
Let v(b) = b - 7. Let a be v(6). List the prime factors of a/(-3)*1*6.
2
Let o = -2 + 6. Let b = o - -18. List the prime factors of b.
2, 11
Let z = -4 - -7. Let y be (-2 + 6)*z/4. Suppose 4*f = y*m - 53, -m + 1 = f - 5. What are the prime factors of m?
11
Let m = -52 + 116. Suppose -2*o + m = 4*b, 0*o = 4*b - o - 58. What are the prime factors of b?
3, 5
List the prime factors of ((-24)/(-10) - 2)/(11/3410).
2, 31
List the prime factors of (-1)/(63/(-11984)) - (-2)/(-9).
2, 5, 19
Suppose 2*k + 104 = f + 4, 4*f + k - 382 = 0. Suppose 4*j - 4 = f. List the prime factors of j.
5
Suppose -8 = -2*c, -3*f = -2*c - c + 6. Let o(b) = 5*b + 0*b + 7*b**f + b**3 - b**2. List the prime factors of o(-4).
2, 3
Let q(y) = -y**3 - 5*y**2 - 6*y - 5. Let t be q(-5). Let b = t - -20. Suppose u = -5*i + 13, -5*u = 3*i + 2 - b. List the prime factors of u.
2
Let h(i) = -i**3 + 6*i**2 + 9*i - 4. Let k be h(7). Suppose -8 - k = -2*l. List the prime factors of l.
3
Let g = 30 + -14. What are the prime factors of g?
2
Let q(p) = 3*p**2 - p - 7. List the prime factors of q(6).
5, 19
Let t(v) = 3*v**2 - 1. Suppose 4*a + 21 = s, s = -a - 2*a - 14. List the prime factors of t(s).
2
Suppose -2*v - 52 = -292. List the prime factors of v.
2, 3, 5
Suppose -4*x + 393 = -383. List the prime factors of x.
2, 97
Suppose 4*u + n = -0*n + 976, -5*u - 2*n = -1217. What are the prime factors of u?
5, 7
Let r be 1 - 1 - (4 + -7). Suppose 5*o - 6 = r*o. List the prime factors of o.
3
Suppose 2*w = s - 98, 4*s - 3*w + 5*w = 342. What are the prime factors of s?
2, 11
Suppose -5*n + 230 = 3*y + 2*y, -34 = -n + 3*y. List the prime factors of n.
43
Let v(f) = f**2 - 4*f - 3. Let m be v(5). Suppose 2*r - 13 = -r - h, h = -m. List the prime factors of r.
5
Let y = -42 + 11. Let m = y - -87. List the prime factors of m.
2, 7
Let n(j) be the third derivative of -j**5/60 + j**4/24 + 13*j**3/3 + 3*j**2. Let s be n(0). Suppose 3*g - 19 = s. List the prime factors of g.
3